{"id":232,"date":"2025-07-03T15:03:47","date_gmt":"2025-07-03T13:03:47","guid":{"rendered":"https:\/\/www.garajduro.org\/?page_id=232"},"modified":"2026-02-04T16:11:36","modified_gmt":"2026-02-04T15:11:36","slug":"actionculturelle","status":"publish","type":"page","link":"https:\/\/www.garajduro.org\/index.php\/actionculturelle\/","title":{"rendered":"Action Culturelle"},"content":{"rendered":"\n<div class=\"wp-block-group alignfull ticss-02c26121 has-background has-global-padding is-layout-constrained wp-container-core-group-is-layout-956e6cab wp-block-group-is-layout-constrained\" style=\"background:linear-gradient(135deg,rgba(196,172,61,0.81) 0%,rgba(216,96,96,0.53) 100%);padding-top:var(--wp--preset--spacing--30);padding-right:0;padding-bottom:0;padding-left:0; --tzm-responsive--padding--phone: 50px;--tzm-responsive--margin-top--phone: -110px;--tzm-responsive--margin-top--desktop: -240px\">\n<div class=\"wp-block-columns alignwide is-layout-flex wp-container-core-columns-is-layout-8b30a33a wp-block-columns-is-layout-flex\" style=\"margin-top:var(--wp--preset--spacing--50)\">\n<div class=\"wp-block-column is-vertically-aligned-stretch is-layout-flow wp-block-column-is-layout-flow\" style=\"flex-basis:70%\">\n<h2 class=\"wp-block-heading has-text-align-left has-limelight-font-family has-xx-large-font-size\" id=\"action-culturelle-d401566f-33c8-45b5-a124-74360c22cd58\">ACTION CULTURELLE<\/h2>\n\n\n\n<div class=\"wp-block-group is-vertical is-content-justification-stretch is-layout-flex wp-container-core-group-is-layout-444d5ee8 wp-block-group-is-layout-flex\" style=\"min-height:100%\">\n<p class=\"wp-container-content-0733e5d0\" style=\"font-size:clamp(0.875rem, 0.875rem + ((1vw - 0.2rem) * 0.542), 1.2rem);\">L\u2019action culturelle s\u2019articule autour de deux axes essentiels : sensibiliser et transmettre. Chaque activit\u00e9 mise en place doit permettre aux participant\u00b7es de d\u00e9couvrir un art, une pratique ou une technique, tout en leur offrant l\u2019opportunit\u00e9 d\u2019acqu\u00e9rir un savoir \u2014 pratique, th\u00e9orique \u2014 ou encore d\u2019en tirer un apprentissage personnel ou collectif.<\/p>\n\n\n\n<p style=\"font-size:clamp(0.875rem, 0.875rem + ((1vw - 0.2rem) * 0.542), 1.2rem);\">Le Garaj Duro, implant\u00e9 au c\u0153ur de Rostrenen, a l\u2019ambition d\u2019\u00eatre un lieu o\u00f9 chacun\u00b7e peut exercer pleinement ses droits culturels. En tant qu\u2019espace de proximit\u00e9 inscrit dans un territoire rural dynamique, cet objectif occupe une place centrale dans notre projet. Il nourrit notre r\u00e9flexion sur l\u2019accessibilit\u00e9 culturelle pour toutes et tous, afin de faire du Garaj Duro un lieu ouvert, accueillant et inclusif, o\u00f9 la rencontre avec les pratiques artistiques est accessible \u00e0 toute la population.<\/p>\n\n\n\n<p style=\"font-size:clamp(0.875rem, 0.875rem + ((1vw - 0.2rem) * 0.458), 1.15rem);\">Nous construisons chaque projet avec nos partenaires, en partant de leurs besoins et de leurs objectifs. Les actions men\u00e9es peuvent prendre diff\u00e9rentes formes : ateliers artistiques ou techniques, rencontres, visites ou d\u00e9couvertes des m\u00e9tiers.<\/p>\n<\/div>\n<\/div>\n\n\n\n<div class=\"wp-block-column is-vertically-aligned-center is-layout-flow wp-block-column-is-layout-flow\" style=\"flex-basis:50%\">\n<figure class=\"wp-block-image size-full is-style-rounded is-style-rounded--1\"><img loading=\"lazy\" decoding=\"async\" width=\"936\" height=\"936\" src=\"http:\/\/www.garajduro.org\/wp-content\/uploads\/2025\/12\/Pasted-image.png\" alt=\"\" class=\"wp-image-1201\" style=\"aspect-ratio:3\/4;object-fit:cover\" srcset=\"https:\/\/www.garajduro.org\/wp-content\/uploads\/2025\/12\/Pasted-image.png 936w, https:\/\/www.garajduro.org\/wp-content\/uploads\/2025\/12\/Pasted-image-300x300.png 300w, https:\/\/www.garajduro.org\/wp-content\/uploads\/2025\/12\/Pasted-image-150x150.png 150w, https:\/\/www.garajduro.org\/wp-content\/uploads\/2025\/12\/Pasted-image-768x768.png 768w\" sizes=\"auto, (max-width: 936px) 100vw, 936px\" \/><\/figure>\n<\/div>\n<\/div>\n\n\n\n<div style=\"height:187px\" aria-hidden=\"true\" class=\"wp-block-spacer\"><\/div>\n\n\n\n<div class=\"wp-block-columns alignwide is-layout-flex wp-container-core-columns-is-layout-e29e619a wp-block-columns-is-layout-flex\" style=\"margin-top:var(--wp--preset--spacing--30);margin-bottom:var(--wp--preset--spacing--30)\">\n<div class=\"wp-block-column is-vertically-aligned-center is-layout-flow wp-block-column-is-layout-flow\" style=\"flex-basis:70%\">\n<figure class=\"wp-block-image size-full is-style-rounded is-style-rounded--2\"><img loading=\"lazy\" decoding=\"async\" width=\"1304\" height=\"869\" src=\"http:\/\/www.garajduro.org\/wp-content\/uploads\/2025\/12\/511515127_3143645532474649_4799819886656672574_n.jpg\" alt=\"\" class=\"wp-image-1467\" srcset=\"https:\/\/www.garajduro.org\/wp-content\/uploads\/2025\/12\/511515127_3143645532474649_4799819886656672574_n.jpg 1304w, https:\/\/www.garajduro.org\/wp-content\/uploads\/2025\/12\/511515127_3143645532474649_4799819886656672574_n-300x200.jpg 300w, https:\/\/www.garajduro.org\/wp-content\/uploads\/2025\/12\/511515127_3143645532474649_4799819886656672574_n-1024x682.jpg 1024w, https:\/\/www.garajduro.org\/wp-content\/uploads\/2025\/12\/511515127_3143645532474649_4799819886656672574_n-768x512.jpg 768w\" sizes=\"auto, (max-width: 1304px) 100vw, 1304px\" \/><\/figure>\n<\/div>\n\n\n\n<div class=\"wp-block-column is-vertically-aligned-stretch is-layout-flow wp-block-column-is-layout-flow\" style=\"flex-basis:70%\">\n<div class=\"wp-block-group is-vertical is-content-justification-stretch is-layout-flex wp-container-core-group-is-layout-444d5ee8 wp-block-group-is-layout-flex\" style=\"min-height:100%\">\n<p>Le Garaj Duro collabore avec les \u00e9tablissements scolaires du Centre-Bretagne, ainsi qu\u2019avec des structures sociales, m\u00e9dicales ou m\u00e9dico-sociales. Nous pouvons \u00e9galement proposer des actions aux habitant\u00b7es, aux accueils de loisirs, aux centres sociaux ou aux associations locales.<\/p>\n\n\n\n<p class=\"wp-container-content-0733e5d0\">Dans le domaine de l\u2019action culturelle, l\u2019EAC \u2014 \u00e9ducation artistique et culturelle \u2014 occupe une place importante. Elle repose sur trois piliers :<\/p>\n\n\n\n<div class=\"wp-block-uagb-icon-list uagb-block-02cb41fc\"><div class=\"uagb-icon-list__wrap\">\n<div class=\"wp-block-uagb-icon-list-child uagb-block-8fdbd872\"><span class=\"uagb-icon-list__source-wrap\"><svg xmlns=\"https:\/\/www.w3.org\/2000\/svg\" viewBox=\"0 0 256 512\"><path d=\"M64 448c-8.188 0-16.38-3.125-22.62-9.375c-12.5-12.5-12.5-32.75 0-45.25L178.8 256L41.38 118.6c-12.5-12.5-12.5-32.75 0-45.25s32.75-12.5 45.25 0l160 160c12.5 12.5 12.5 32.75 0 45.25l-160 160C80.38 444.9 72.19 448 64 448z\"><\/path><\/svg><\/span><span class=\"uagb-icon-list__label\">l\u2019acquisition de connaissances<\/span><\/div>\n\n\n\n<div class=\"wp-block-uagb-icon-list-child uagb-block-8dff3b99\"><span class=\"uagb-icon-list__source-wrap\"><svg xmlns=\"https:\/\/www.w3.org\/2000\/svg\" viewBox=\"0 0 256 512\"><path d=\"M64 448c-8.188 0-16.38-3.125-22.62-9.375c-12.5-12.5-12.5-32.75 0-45.25L178.8 256L41.38 118.6c-12.5-12.5-12.5-32.75 0-45.25s32.75-12.5 45.25 0l160 160c12.5 12.5 12.5 32.75 0 45.25l-160 160C80.38 444.9 72.19 448 64 448z\"><\/path><\/svg><\/span><span class=\"uagb-icon-list__label\">la rencontre avec les \u0153uvres et les professionnel\u00b7les<\/span><\/div>\n\n\n\n<div class=\"wp-block-uagb-icon-list-child uagb-block-7e769e33\"><span class=\"uagb-icon-list__source-wrap\"><svg xmlns=\"https:\/\/www.w3.org\/2000\/svg\" viewBox=\"0 0 256 512\"><path d=\"M64 448c-8.188 0-16.38-3.125-22.62-9.375c-12.5-12.5-12.5-32.75 0-45.25L178.8 256L41.38 118.6c-12.5-12.5-12.5-32.75 0-45.25s32.75-12.5 45.25 0l160 160c12.5 12.5 12.5 32.75 0 45.25l-160 160C80.38 444.9 72.19 448 64 448z\"><\/path><\/svg><\/span><span class=\"uagb-icon-list__label\">la pratique artistique<\/span><\/div>\n<\/div><\/div>\n\n\n\n<p>Une grande partie de nos projets r\u00e9pondent aujourd\u2019hui \u00e0 ces trois objectifs.<\/p>\n<\/div>\n<\/div>\n<\/div>\n\n\n\n<div style=\"height:136px\" aria-hidden=\"true\" class=\"wp-block-spacer\"><\/div>\n\n\n\n<div class=\"wp-block-group alignfull ticss-5f62839d has-background has-global-padding is-layout-constrained wp-block-group-is-layout-constrained\" style=\"background:linear-gradient(129deg,rgba(207,202,190,0.85) 0%,rgba(250,250,250,0.72) 100%);margin-top:var(--wp--preset--spacing--10);margin-bottom:var(--wp--preset--spacing--10);padding-top:0;padding-bottom:0\">\n<div class=\"wp-block-media-text alignfull is-stacked-on-mobile has-contrast-background-color has-text-color has-background has-link-color wp-elements-da9ea44173d3678a6dd7f061b1844a74\" style=\"color:#fffdc7\"><figure class=\"wp-block-media-text__media\"><img loading=\"lazy\" decoding=\"async\" width=\"1024\" height=\"682\" src=\"http:\/\/www.garajduro.org\/wp-content\/uploads\/2025\/07\/506295975_3129676533871549_7826761951241861280_n-1024x682.jpg\" alt=\"\" class=\"wp-image-320 size-full\" srcset=\"https:\/\/www.garajduro.org\/wp-content\/uploads\/2025\/07\/506295975_3129676533871549_7826761951241861280_n-1024x682.jpg 1024w, https:\/\/www.garajduro.org\/wp-content\/uploads\/2025\/07\/506295975_3129676533871549_7826761951241861280_n-300x200.jpg 300w, https:\/\/www.garajduro.org\/wp-content\/uploads\/2025\/07\/506295975_3129676533871549_7826761951241861280_n-768x512.jpg 768w, https:\/\/www.garajduro.org\/wp-content\/uploads\/2025\/07\/506295975_3129676533871549_7826761951241861280_n.jpg 1304w\" sizes=\"auto, (max-width: 1024px) 100vw, 1024px\" \/><\/figure><div class=\"wp-block-media-text__content\">\n<p class=\"has-text-align-right has-base-2-color has-text-color has-background has-link-color wp-elements-ccfb234525006eee576251fa00bb88ff\" style=\"border-top-left-radius:15px;border-top-right-radius:15px;border-bottom-left-radius:15px;border-bottom-right-radius:15px;background:linear-gradient(310deg,rgba(74,74,74,0.59) 0%,rgba(0,0,0,0) 98%);padding-top:2em;padding-right:2em;padding-bottom:2em;padding-left:2em;font-size:clamp(0.875rem, 0.875rem + ((1vw - 0.2rem) * 0.458), 1.15rem);\"><em><strong>3 MAI 2025 | 20h30<\/strong><\/em><\/p>\n\n\n\n<p class=\"has-text-align-left has-base-2-color has-text-color has-link-color has-limelight-font-family has-x-large-font-size wp-elements-a7ced71fb49628b044054b4debe5de6b\"><strong>YANN LE CORRE &#8211; solo<\/strong><\/p>\n\n\n\n<p class=\"has-text-align-left has-base-2-color has-text-color has-link-color wp-elements-c5060aefb1261f99d41cc7070c26251f\">Yann Le Corre, c\u2019est l\u2019accord\u00e9on qui prend la route : un pied en Bretagne, l\u2019autre au Br\u00e9sil, et l\u2019\u00e9lectravox comme compas trafiqu\u00e9. Un solo fin, dansant, d\u00e9paysant \u2014 comme le souffle chaud d\u2019un vieux moteur pr\u00eat \u00e0 vous embarquer pour un long voyage.<br><br>Si vous aimez :&nbsp;<strong>Richard Galliano<\/strong>,&nbsp;<strong>Django Reinhardt<\/strong>,&nbsp;<strong>Dominguinhos<\/strong><br>Accord\u00e9on nomade entre musiques bretonnes et br\u00e9siliennes, folk et trad revisit\u00e9.<\/p>\n\n\n\n<div class=\"wp-block-group is-content-justification-right is-nowrap is-layout-flex wp-container-core-group-is-layout-c4821609 wp-block-group-is-layout-flex\" style=\"padding-top:var(--wp--preset--spacing--40)\">\n<div class=\"wp-block-buttons wp-container-content-b04ba3db is-content-justification-right is-layout-flex wp-container-core-buttons-is-layout-3b7e0f42 wp-block-buttons-is-layout-flex\" style=\"margin-top:var(--wp--preset--spacing--10);margin-bottom:var(--wp--preset--spacing--10);padding-right:0;padding-left:0\">\n<div class=\"wp-block-button has-custom-width wp-block-button__width-100\"><a class=\"wp-block-button__link has-contrast-color has-text-color has-background wp-element-button\" href=\"https:\/\/www.garajduro.org\/index.php\/programmation\/\" style=\"background:linear-gradient(130deg,rgb(217,120,91) 0%,rgba(217,120,91,0.75) 100%);padding-right:0;padding-left:0\">R\u00e9server<\/a><\/div>\n<\/div>\n\n\n\n<p class=\"has-text-align-right has-accent-5-color has-text-color has-link-color wp-elements-29d6ccb2e7a5c9c7e5aba8b0d9cf356e\" style=\"font-size:clamp(0.875rem, 0.875rem + ((1vw - 0.2rem) * 0.042), 0.9rem);\">Plein : 12\u20ac | R\u00e9duit : 8\u20ac <br>Placement debout<\/p>\n<\/div>\n<\/div><\/div>\n<\/div>\n\n\n\n<div class=\"wp-block-group alignfull ticss-5f62839d has-background has-global-padding is-layout-constrained wp-block-group-is-layout-constrained\" style=\"background:linear-gradient(129deg,rgba(207,202,190,0.85) 0%,rgba(250,250,250,0.72) 100%);margin-top:var(--wp--preset--spacing--10);margin-bottom:var(--wp--preset--spacing--10);padding-top:0;padding-bottom:0\">\n<div class=\"wp-block-media-text alignfull is-stacked-on-mobile has-contrast-background-color has-text-color has-background has-link-color wp-elements-da9ea44173d3678a6dd7f061b1844a74\" style=\"color:#fffdc7\"><figure class=\"wp-block-media-text__media\"><img loading=\"lazy\" decoding=\"async\" width=\"1024\" height=\"682\" src=\"http:\/\/www.garajduro.org\/wp-content\/uploads\/2025\/07\/506295975_3129676533871549_7826761951241861280_n-1024x682.jpg\" alt=\"\" class=\"wp-image-320 size-full\" srcset=\"https:\/\/www.garajduro.org\/wp-content\/uploads\/2025\/07\/506295975_3129676533871549_7826761951241861280_n-1024x682.jpg 1024w, https:\/\/www.garajduro.org\/wp-content\/uploads\/2025\/07\/506295975_3129676533871549_7826761951241861280_n-300x200.jpg 300w, https:\/\/www.garajduro.org\/wp-content\/uploads\/2025\/07\/506295975_3129676533871549_7826761951241861280_n-768x512.jpg 768w, https:\/\/www.garajduro.org\/wp-content\/uploads\/2025\/07\/506295975_3129676533871549_7826761951241861280_n.jpg 1304w\" sizes=\"auto, (max-width: 1024px) 100vw, 1024px\" \/><\/figure><div class=\"wp-block-media-text__content\">\n<p class=\"has-text-align-right has-base-2-color has-text-color has-background has-link-color wp-elements-ccfb234525006eee576251fa00bb88ff\" style=\"border-top-left-radius:15px;border-top-right-radius:15px;border-bottom-left-radius:15px;border-bottom-right-radius:15px;background:linear-gradient(310deg,rgba(74,74,74,0.59) 0%,rgba(0,0,0,0) 98%);padding-top:2em;padding-right:2em;padding-bottom:2em;padding-left:2em;font-size:clamp(0.875rem, 0.875rem + ((1vw - 0.2rem) * 0.458), 1.15rem);\"><em><strong>3 MAI 2025 | 20h30<\/strong><\/em><\/p>\n\n\n\n<p class=\"has-text-align-left has-base-2-color has-text-color has-link-color has-limelight-font-family has-x-large-font-size wp-elements-a7ced71fb49628b044054b4debe5de6b\"><strong>YANN LE CORRE &#8211; solo<\/strong><\/p>\n\n\n\n<p class=\"has-text-align-left has-base-2-color has-text-color has-link-color wp-elements-c5060aefb1261f99d41cc7070c26251f\">Yann Le Corre, c\u2019est l\u2019accord\u00e9on qui prend la route : un pied en Bretagne, l\u2019autre au Br\u00e9sil, et l\u2019\u00e9lectravox comme compas trafiqu\u00e9. Un solo fin, dansant, d\u00e9paysant \u2014 comme le souffle chaud d\u2019un vieux moteur pr\u00eat \u00e0 vous embarquer pour un long voyage.<br><br>Si vous aimez :&nbsp;<strong>Richard Galliano<\/strong>,&nbsp;<strong>Django Reinhardt<\/strong>,&nbsp;<strong>Dominguinhos<\/strong><br>Accord\u00e9on nomade entre musiques bretonnes et br\u00e9siliennes, folk et trad revisit\u00e9.<\/p>\n\n\n\n<div class=\"wp-block-group is-content-justification-right is-nowrap is-layout-flex wp-container-core-group-is-layout-c4821609 wp-block-group-is-layout-flex\" style=\"padding-top:var(--wp--preset--spacing--40)\">\n<div class=\"wp-block-buttons wp-container-content-b04ba3db is-content-justification-right is-layout-flex wp-container-core-buttons-is-layout-3b7e0f42 wp-block-buttons-is-layout-flex\" style=\"margin-top:var(--wp--preset--spacing--10);margin-bottom:var(--wp--preset--spacing--10);padding-right:0;padding-left:0\">\n<div class=\"wp-block-button has-custom-width wp-block-button__width-100\"><a class=\"wp-block-button__link has-contrast-color has-text-color has-background wp-element-button\" href=\"https:\/\/www.garajduro.org\/index.php\/programmation\/\" style=\"background:linear-gradient(130deg,rgb(217,120,91) 0%,rgba(217,120,91,0.75) 100%);padding-right:0;padding-left:0\">R\u00e9server<\/a><\/div>\n<\/div>\n\n\n\n<p class=\"has-text-align-right has-accent-5-color has-text-color has-link-color wp-elements-29d6ccb2e7a5c9c7e5aba8b0d9cf356e\" style=\"font-size:clamp(0.875rem, 0.875rem + ((1vw - 0.2rem) * 0.042), 0.9rem);\">Plein : 12\u20ac | R\u00e9duit : 8\u20ac <br>Placement debout<\/p>\n<\/div>\n<\/div><\/div>\n<\/div>\n\n\n\n<div class=\"wp-block-group alignfull ticss-5f62839d has-background has-global-padding is-layout-constrained wp-block-group-is-layout-constrained\" style=\"background:linear-gradient(129deg,rgba(207,202,190,0.85) 0%,rgba(250,250,250,0.72) 100%);margin-top:var(--wp--preset--spacing--10);margin-bottom:-5px;padding-top:0;padding-bottom:0\">\n<div class=\"wp-block-media-text alignfull is-stacked-on-mobile has-contrast-background-color has-text-color has-background has-link-color wp-elements-da9ea44173d3678a6dd7f061b1844a74\" style=\"color:#fffdc7\"><figure class=\"wp-block-media-text__media\"><img loading=\"lazy\" decoding=\"async\" width=\"1024\" height=\"682\" src=\"http:\/\/www.garajduro.org\/wp-content\/uploads\/2025\/07\/506295975_3129676533871549_7826761951241861280_n-1024x682.jpg\" alt=\"\" class=\"wp-image-320 size-full\" srcset=\"https:\/\/www.garajduro.org\/wp-content\/uploads\/2025\/07\/506295975_3129676533871549_7826761951241861280_n-1024x682.jpg 1024w, https:\/\/www.garajduro.org\/wp-content\/uploads\/2025\/07\/506295975_3129676533871549_7826761951241861280_n-300x200.jpg 300w, https:\/\/www.garajduro.org\/wp-content\/uploads\/2025\/07\/506295975_3129676533871549_7826761951241861280_n-768x512.jpg 768w, https:\/\/www.garajduro.org\/wp-content\/uploads\/2025\/07\/506295975_3129676533871549_7826761951241861280_n.jpg 1304w\" sizes=\"auto, (max-width: 1024px) 100vw, 1024px\" \/><\/figure><div class=\"wp-block-media-text__content\">\n<p class=\"has-text-align-right has-base-2-color has-text-color has-background has-link-color wp-elements-ccfb234525006eee576251fa00bb88ff\" style=\"border-top-left-radius:15px;border-top-right-radius:15px;border-bottom-left-radius:15px;border-bottom-right-radius:15px;background:linear-gradient(310deg,rgba(74,74,74,0.59) 0%,rgba(0,0,0,0) 98%);padding-top:2em;padding-right:2em;padding-bottom:2em;padding-left:2em;font-size:clamp(0.875rem, 0.875rem + ((1vw - 0.2rem) * 0.458), 1.15rem);\"><em><strong>3 MAI 2025 | 20h30<\/strong><\/em><\/p>\n\n\n\n<p class=\"has-text-align-left has-base-2-color has-text-color has-link-color has-limelight-font-family has-x-large-font-size wp-elements-a7ced71fb49628b044054b4debe5de6b\"><strong>YANN LE CORRE &#8211; solo<\/strong><\/p>\n\n\n\n<p class=\"has-text-align-left has-base-2-color has-text-color has-link-color wp-elements-c5060aefb1261f99d41cc7070c26251f\">Yann Le Corre, c\u2019est l\u2019accord\u00e9on qui prend la route : un pied en Bretagne, l\u2019autre au Br\u00e9sil, et l\u2019\u00e9lectravox comme compas trafiqu\u00e9. Un solo fin, dansant, d\u00e9paysant \u2014 comme le souffle chaud d\u2019un vieux moteur pr\u00eat \u00e0 vous embarquer pour un long voyage.<br><br>Si vous aimez :&nbsp;<strong>Richard Galliano<\/strong>,&nbsp;<strong>Django Reinhardt<\/strong>,&nbsp;<strong>Dominguinhos<\/strong><br>Accord\u00e9on nomade entre musiques bretonnes et br\u00e9siliennes, folk et trad revisit\u00e9.<\/p>\n\n\n\n<div class=\"wp-block-group is-content-justification-right is-nowrap is-layout-flex wp-container-core-group-is-layout-c4821609 wp-block-group-is-layout-flex\" style=\"padding-top:var(--wp--preset--spacing--40)\">\n<div class=\"wp-block-buttons wp-container-content-b04ba3db is-content-justification-right is-layout-flex wp-container-core-buttons-is-layout-3b7e0f42 wp-block-buttons-is-layout-flex\" style=\"margin-top:var(--wp--preset--spacing--10);margin-bottom:var(--wp--preset--spacing--10);padding-right:0;padding-left:0\">\n<div class=\"wp-block-button has-custom-width wp-block-button__width-100\"><a class=\"wp-block-button__link has-contrast-color has-text-color has-background wp-element-button\" href=\"https:\/\/www.garajduro.org\/index.php\/programmation\/\" style=\"background:linear-gradient(130deg,rgb(217,120,91) 0%,rgba(217,120,91,0.75) 100%);padding-right:0;padding-left:0\">R\u00e9server<\/a><\/div>\n<\/div>\n\n\n\n<p class=\"has-text-align-right has-accent-5-color has-text-color has-link-color wp-elements-29d6ccb2e7a5c9c7e5aba8b0d9cf356e\" style=\"font-size:clamp(0.875rem, 0.875rem + ((1vw - 0.2rem) * 0.042), 0.9rem);\">Plein : 12\u20ac | R\u00e9duit : 8\u20ac <br>Placement debout<\/p>\n<\/div>\n<\/div><\/div>\n<\/div>\n<\/div>\n","protected":false},"excerpt":{"rendered":"<p>ACTION CULTURELLE L\u2019action culturelle s\u2019articule autour de deux axes essentiels : sensibiliser et transmettre. Chaque activit\u00e9 mise en place doit permettre aux participant\u00b7es de d\u00e9couvrir un art, une pratique ou [&hellip;]<\/p>\n","protected":false},"author":2,"featured_media":0,"parent":0,"menu_order":7,"comment_status":"closed","ping_status":"closed","template":"","meta":{"_acf_changed":false,"_uag_custom_page_level_css":"","_EventAllDay":false,"_EventTimezone":"","_EventStartDate":"","_EventEndDate":"","_EventStartDateUTC":"","_EventEndDateUTC":"","_EventShowMap":false,"_EventShowMapLink":false,"_EventURL":"","_EventCost":"","_EventCostDescription":"","_EventCurrencySymbol":"","_EventCurrencyCode":"","_EventCurrencyPosition":"","_EventDateTimeSeparator":"","_EventTimeRangeSeparator":"","_EventOrganizerID":[],"_EventVenueID":[],"_OrganizerEmail":"","_OrganizerPhone":"","_OrganizerWebsite":"","_VenueAddress":"","_VenueCity":"","_VenueCountry":"","_VenueProvince":"","_VenueState":"","_VenueZip":"","_VenuePhone":"","_VenueURL":"","_VenueStateProvince":"","_VenueLat":"","_VenueLng":"","_VenueShowMap":false,"_VenueShowMapLink":false,"_themeisle_gutenberg_block_has_review":false,"footnotes":""},"class_list":["post-232","page","type-page","status-publish","hentry"],"acf":[],"uagb_featured_image_src":{"full":false,"thumbnail":false,"medium":false,"medium_large":false,"large":false,"1536x1536":false,"2048x2048":false},"uagb_author_info":{"display_name":"Arnaud Bourdonnay","author_link":"https:\/\/www.garajduro.org\/index.php\/author\/arnaud\/"},"uagb_comment_info":0,"uagb_excerpt":"ACTION CULTURELLE L\u2019action culturelle s\u2019articule autour de deux axes essentiels : sensibiliser et transmettre. Chaque activit\u00e9 mise en place doit permettre aux participant\u00b7es de d\u00e9couvrir un art, une pratique ou [&hellip;]","_links":{"self":[{"href":"https:\/\/www.garajduro.org\/index.php\/wp-json\/wp\/v2\/pages\/232","targetHints":{"allow":["GET"]}}],"collection":[{"href":"https:\/\/www.garajduro.org\/index.php\/wp-json\/wp\/v2\/pages"}],"about":[{"href":"https:\/\/www.garajduro.org\/index.php\/wp-json\/wp\/v2\/types\/page"}],"author":[{"embeddable":true,"href":"https:\/\/www.garajduro.org\/index.php\/wp-json\/wp\/v2\/users\/2"}],"replies":[{"embeddable":true,"href":"https:\/\/www.garajduro.org\/index.php\/wp-json\/wp\/v2\/comments?post=232"}],"version-history":[{"count":136,"href":"https:\/\/www.garajduro.org\/index.php\/wp-json\/wp\/v2\/pages\/232\/revisions"}],"predecessor-version":[{"id":2987,"href":"https:\/\/www.garajduro.org\/index.php\/wp-json\/wp\/v2\/pages\/232\/revisions\/2987"}],"wp:attachment":[{"href":"https:\/\/www.garajduro.org\/index.php\/wp-json\/wp\/v2\/media?parent=232"}],"curies":[{"name":"wp","href":"https:\/\/api.w.org\/{rel}","templated":true}]}}